{"id":1021,"date":"2026-03-27T22:18:31","date_gmt":"2026-03-27T22:18:31","guid":{"rendered":"https:\/\/arqueoloxia.es\/?page_id=1021"},"modified":"2026-03-27T22:18:55","modified_gmt":"2026-03-27T22:18:55","slug":"aviso-legal","status":"publish","type":"page","link":"https:\/\/arqueoloxia.es\/?page_id=1021","title":{"rendered":"Aviso Legal"},"content":{"rendered":"\n<div style=\"height:100px\" aria-hidden=\"true\" class=\"wp-block-spacer\"><\/div>\n\n\n\n<h2 class=\"wp-block-heading has-text-align-center has-theme-palette-2-color has-text-color has-link-color wp-elements-0906bd6fd0b328b647ba99c52f4f68bc\">Aviso Legal<\/h2>\n\n\n\n<p class=\"has-theme-palette-1-color has-text-color has-link-color wp-elements-2cca72215b8aa59331271cea29be65c1\">AVISO LEGAL<\/p>\n\n\n\n<p class=\"has-text-color has-link-color wp-elements-aa820bc324245e2647a1cfbad2fbb6d5\" style=\"color:#000000\">En cumplimiento con el deber de informaci\u00f3n recogido en art\u00edculo 10 de la Ley 34\/2002, de 11 de julio, de Servicios de la Sociedad de la Informaci\u00f3n y del Comercio Electr\u00f3nico (LSSICE), el propietario de la web , le informa de lo siguiente:<\/p>\n\n\n\n<ul class=\"wp-block-list\">\n<li class=\"has-text-color has-link-color wp-elements-407c7bd09ae734aea4bcc22571d2070c\" style=\"color:#000000\">Denominaci\u00f3n social: Axa Arqueolog\u00eda S.L.<\/li>\n\n\n\n<li>NIF: B15689441<\/li>\n\n\n\n<li class=\"has-text-color has-link-color wp-elements-cf42d6039a5094d698fc963ee1b65a4b\" style=\"color:#000000\">Domicilio: Avenida De Vigo, 162-164, Portal 1, 2\u00bad, 15403 &#8211; Ferrol (A Coru\u00f1a)<\/li>\n<\/ul>\n\n\n\n<p class=\"has-text-color has-link-color wp-elements-64d33a3f3b9008295bfc06e5ec854f45\" style=\"color:#000000\">Con los l\u00edmites establecidos en la ley, Axa Arqueolog\u00eda S.L. no asume ninguna responsabilidad derivada de la falta de veracidad, integridad, actualizaci\u00f3n y precisi\u00f3n de los datos o informaciones que contienen sus p\u00e1ginas web.<\/p>\n\n\n\n<p class=\"has-text-color has-link-color wp-elements-7cb2494f0cccd127e90bc5c271749b56\" style=\"color:#000000\">Los contenidos e informaci\u00f3n no vinculan a Axa Arqueolog\u00eda S.L. ni constituyen opiniones, consejos o asesoramiento legal de ning\u00fan tipo pues se trata meramente de un servicio ofrecido con car\u00e1cter informativo y divulgativo.<\/p>\n\n\n\n<p class=\"has-text-color has-link-color wp-elements-5942b5be12913891aba817dee33a5f5a\" style=\"color:#000000\">Las p\u00e1ginas de Internet de Axa Arqueolog\u00eda S.L. pueden contener enlaces (links) a otras p\u00e1ginas de terceras partes que Axa Arqueolog\u00eda S.L. no puede controlar. Por lo tanto, Axa Arqueolog\u00eda S.L. no puede asumir responsabilidades por el contenido que pueda aparecer en p\u00e1ginas de terceros.<\/p>\n\n\n\n<p class=\"has-text-color has-link-color wp-elements-d5a310edbec43d664d5d5f1d034015d0\" style=\"color:#000000\">Los textos, im\u00e1genes, sonidos, animaciones, software y el resto de contenidos incluidos en este website son propiedad exclusiva de Axa Arqueolog\u00eda S.L. o sus licenciantes. Cualquier acto de transmisi\u00f3n, distribuci\u00f3n, cesi\u00f3n, reproducci\u00f3n, almacenamiento o comunicaci\u00f3n p\u00fablica total o parcial, deber\u00e1 contar con el consentimiento expreso de Axa Arqueolog\u00eda S.L..<\/p>\n\n\n\n<p class=\"has-text-color has-link-color wp-elements-f68cd20e93eb3d9a75c222483fd81a4b\" style=\"color:#000000\">Asimismo, para acceder a algunos de los servicios que Axa Arqueolog\u00eda S.L. ofrece a trav\u00e9s del sitio web, deber\u00e1 proporcionar algunos datos de car\u00e1cter personal. En cumplimiento de lo establecido en el Reglamento (UE) 2016\/679 del Parlamento Europeo y del Consejo, de 27 de abril de 2016, relativo a la protecci\u00f3n de las personas f\u00edsicas en lo que respecta al tratamiento de datos personales y a la libre circulaci\u00f3n de estos datos le informamos que, mediante la cumplimentaci\u00f3n de los presentes formularios, sus datos personales quedar\u00e1n incorporados y ser\u00e1n tratados en los ficheros de Axa Arqueolog\u00eda S.L. con el fin de poderle prestar y ofrecer nuestros servicios as\u00ed como para informarle de las mejoras del sitio Web.<\/p>\n\n\n\n<p class=\"has-text-color has-link-color wp-elements-005a358a16c9ef30671e7fa83fec5533\" style=\"color:#000000\">Le informamos tambi\u00e9n de que tendr\u00e1 la posibilidad en todo momento de ejercer los derechos de acceso, rectificaci\u00f3n, cancelaci\u00f3n, oposici\u00f3n, limitaci\u00f3n y portabilidad de sus datos de car\u00e1cter personal, de manera gratuita mediante email a: axaarqueologia@gmail.com o en la direcci\u00f3n: Avenida De Vigo, 162-164, Portal 1, 2\u00bad, 15403 &#8211; Ferrol (A Coru\u00f1a).<\/p>\n","protected":false},"excerpt":{"rendered":"<p>Aviso Legal AVISO LEGAL En cumplimiento con el deber de informaci\u00f3n recogido en art\u00edculo 10 de la Ley 34\/2002, de 11 de julio, de Servicios de la Sociedad de la Informaci\u00f3n y del Comercio Electr\u00f3nico (LSSICE), el propietario de la web , le informa de lo siguiente: Con los l\u00edmites establecidos en la ley, Axa&#8230;<\/p>\n","protected":false},"author":1,"featured_media":0,"parent":0,"menu_order":0,"comment_status":"closed","ping_status":"closed","template":"","meta":{"_editorskit_title_hidden":true,"_editorskit_reading_time":0,"_editorskit_is_block_options_detached":false,"_editorskit_block_options_position":"{}","_uag_custom_page_level_css":"","_monsterinsights_skip_tracking":false,"_monsterinsights_sitenote_active":false,"_monsterinsights_sitenote_note":"","_monsterinsights_sitenote_category":0,"_kad_post_transparent":"","_kad_post_title":"","_kad_post_layout":"","_kad_post_sidebar_id":"","_kad_post_content_style":"","_kad_post_vertical_padding":"","_kad_post_feature":"","_kad_post_feature_position":"","_kad_post_header":false,"_kad_post_footer":false,"_kad_post_classname":"","footnotes":""},"class_list":["post-1021","page","type-page","status-publish","hentry"],"aioseo_notices":[],"uagb_featured_image_src":{"full":false,"thumbnail":false,"medium":false,"medium_large":false,"large":false,"1536x1536":false,"2048x2048":false},"uagb_author_info":{"display_name":"Axa Arqueoloxia","author_link":"https:\/\/arqueoloxia.es\/?author=1"},"uagb_comment_info":0,"uagb_excerpt":"Aviso Legal AVISO LEGAL En cumplimiento con el deber de informaci\u00f3n recogido en art\u00edculo 10 de la Ley 34\/2002, de 11 de julio, de Servicios de la Sociedad de la Informaci\u00f3n y del Comercio Electr\u00f3nico (LSSICE), el propietario de la web , le informa de lo siguiente: Con los l\u00edmites establecidos en la ley, Axa...","_links":{"self":[{"href":"https:\/\/arqueoloxia.es\/index.php?rest_route=\/wp\/v2\/pages\/1021","targetHints":{"allow":["GET"]}}],"collection":[{"href":"https:\/\/arqueoloxia.es\/index.php?rest_route=\/wp\/v2\/pages"}],"about":[{"href":"https:\/\/arqueoloxia.es\/index.php?rest_route=\/wp\/v2\/types\/page"}],"author":[{"embeddable":true,"href":"https:\/\/arqueoloxia.es\/index.php?rest_route=\/wp\/v2\/users\/1"}],"replies":[{"embeddable":true,"href":"https:\/\/arqueoloxia.es\/index.php?rest_route=%2Fwp%2Fv2%2Fcomments&post=1021"}],"version-history":[{"count":2,"href":"https:\/\/arqueoloxia.es\/index.php?rest_route=\/wp\/v2\/pages\/1021\/revisions"}],"predecessor-version":[{"id":1023,"href":"https:\/\/arqueoloxia.es\/index.php?rest_route=\/wp\/v2\/pages\/1021\/revisions\/1023"}],"wp:attachment":[{"href":"https:\/\/arqueoloxia.es\/index.php?rest_route=%2Fwp%2Fv2%2Fmedia&parent=1021"}],"curies":[{"name":"wp","href":"https:\/\/api.w.org\/{rel}","templated":true}]}}